[INFO] cloning repository https://github.com/th0rex/unload_pe
[INFO] running `Command { std: "git" "-c" "credential.helper=" "-c" "credential.helper=/workspace/cargo-home/bin/git-credential-null" "clone" "--bare" "https://github.com/th0rex/unload_pe" "/workspace/cache/git-repos/https%3A%2F%2Fgithub.com%2Fth0rex%2Funload_pe", kill_on_drop: false }`
[INFO] [stderr] Cloning into bare repository '/workspace/cache/git-repos/https%3A%2F%2Fgithub.com%2Fth0rex%2Funload_pe'...
[INFO] running `Command { std: "git" "rev-parse" "HEAD", kill_on_drop: false }`
[INFO] [stdout] f27a46bc1481476d6d3dfed15550df122e3fbf2d
[INFO] building th0rex/unload_pe against master#ff34b919075f35a1787659e9c448a34b06bab8de for issue-85264
[INFO] running `Command { std: "git" "clone" "/workspace/cache/git-repos/https%3A%2F%2Fgithub.com%2Fth0rex%2Funload_pe" "/workspace/builds/worker-9/source", kill_on_drop: false }`
[INFO] [stderr] Cloning into '/workspace/builds/worker-9/source'...
[INFO] [stderr] done.
[INFO] validating manifest of git repo https://github.com/th0rex/unload_pe on toolchain ff34b919075f35a1787659e9c448a34b06bab8de
[INFO] running `Command { std: "/workspace/cargo-home/bin/cargo" "+ff34b919075f35a1787659e9c448a34b06bab8de" "metadata" "--manifest-path" "Cargo.toml" "--no-deps", kill_on_drop: false }`
[INFO] started tweaking git repo https://github.com/th0rex/unload_pe
[INFO] finished tweaking git repo https://github.com/th0rex/unload_pe
[INFO] tweaked toml for git repo https://github.com/th0rex/unload_pe written to /workspace/builds/worker-9/source/Cargo.toml
[INFO] crate git repo https://github.com/th0rex/unload_pe already has a lockfile, it will not be regenerated
[INFO] running `Command { std: "/workspace/cargo-home/bin/cargo" "+ff34b919075f35a1787659e9c448a34b06bab8de" "fetch" "--manifest-path" "Cargo.toml", kill_on_drop: false }`
[INFO] running `Command { std: "docker" "create" "-v" "/var/lib/crater-agent-workspace/builds/worker-9/target:/opt/rustwide/target:rw,Z" "-v" "/var/lib/crater-agent-workspace/builds/worker-9/source:/opt/rustwide/workdir:ro,Z" "-v" "/var/lib/crater-agent-workspace/cargo-home:/opt/rustwide/cargo-home:ro,Z" "-v" "/var/lib/crater-agent-workspace/rustup-home:/opt/rustwide/rustup-home:ro,Z" "-e" "SOURCE_DIR=/opt/rustwide/workdir" "-e" "CARGO_TARGET_DIR=/opt/rustwide/target" "-e" "CARGO_HOME=/opt/rustwide/cargo-home" "-e" "RUSTUP_HOME=/opt/rustwide/rustup-home" "-w" "/opt/rustwide/workdir" "-m" "1610612736" "--user" "0:0" "--network" "none" "ghcr.io/rust-lang/crates-build-env/linux@sha256:20528e8c29e4536546f0102ce88568b16ea7538393a33fcca951030f7af10457" "/opt/rustwide/cargo-home/bin/cargo" "+ff34b919075f35a1787659e9c448a34b06bab8de" "metadata" "--no-deps" "--format-version=1", kill_on_drop: false }`
[INFO] [stdout] e5efcfb951dfa31a93807f8ec752593f3e4483fc0f519666c2eed802024268d0
[INFO] [stderr] WARNING: Your kernel does not support swap limit capabilities or the cgroup is not mounted. Memory limited without swap.
[INFO] running `Command { std: "docker" "start" "-a" "e5efcfb951dfa31a93807f8ec752593f3e4483fc0f519666c2eed802024268d0", kill_on_drop: false }`
[INFO] running `Command { std: "docker" "inspect" "e5efcfb951dfa31a93807f8ec752593f3e4483fc0f519666c2eed802024268d0", kill_on_drop: false }`
[INFO] running `Command { std: "docker" "rm" "-f" "e5efcfb951dfa31a93807f8ec752593f3e4483fc0f519666c2eed802024268d0", kill_on_drop: false }`
[INFO] [stdout] e5efcfb951dfa31a93807f8ec752593f3e4483fc0f519666c2eed802024268d0
[INFO] running `Command { std: "docker" "create" "-v" "/var/lib/crater-agent-workspace/builds/worker-9/target:/opt/rustwide/target:rw,Z" "-v" "/var/lib/crater-agent-workspace/builds/worker-9/source:/opt/rustwide/workdir:ro,Z" "-v" "/var/lib/crater-agent-workspace/cargo-home:/opt/rustwide/cargo-home:ro,Z" "-v" "/var/lib/crater-agent-workspace/rustup-home:/opt/rustwide/rustup-home:ro,Z" "-e" "SOURCE_DIR=/opt/rustwide/workdir" "-e" "CARGO_TARGET_DIR=/opt/rustwide/target" "-e" "CARGO_INCREMENTAL=0" "-e" "RUST_BACKTRACE=full" "-e" "RUSTFLAGS=--cap-lints=forbid" "-e" "CARGO_HOME=/opt/rustwide/cargo-home" "-e" "RUSTUP_HOME=/opt/rustwide/rustup-home" "-w" "/opt/rustwide/workdir" "-m" "1610612736" "--user" "0:0" "--network" "none" "ghcr.io/rust-lang/crates-build-env/linux@sha256:20528e8c29e4536546f0102ce88568b16ea7538393a33fcca951030f7af10457" "/opt/rustwide/cargo-home/bin/cargo" "+ff34b919075f35a1787659e9c448a34b06bab8de" "build" "--frozen" "--message-format=json", kill_on_drop: false }`
[INFO] [stdout] 2e5f0ff88a5853035b9a9534b8efcf3717a38b7ecf80d8035f60e2e1114b3662
[INFO] [stderr] WARNING: Your kernel does not support swap limit capabilities or the cgroup is not mounted. Memory limited without swap.
[INFO] running `Command { std: "docker" "start" "-a" "2e5f0ff88a5853035b9a9534b8efcf3717a38b7ecf80d8035f60e2e1114b3662", kill_on_drop: false }`
[INFO] [stderr]    Compiling winapi v0.3.9
[INFO] [stderr]    Compiling unload_pe v0.1.0 (/opt/rustwide/workdir)
[INFO] [stdout] error[E0433]: failed to resolve: could not find `um` in `winapi`
[INFO] [stdout]  --> src/main.rs:8:13
[INFO] [stdout]   |
[INFO] [stdout] 8 | use winapi::um::winnt::*;
[INFO] [stdout]   |             ^^ could not find `um` in `winapi`
[INFO] [stdout] 
[INFO] [stdout] 
[INFO] [stdout] error[E0412]: cannot find type `IMAGE_DOS_HEADER` in this scope
[INFO] [stdout]   --> src/main.rs:25:56
[INFO] [stdout]    |
[INFO] [stdout] 25 |     let orig_dos = unsafe { &*(orig.as_ptr() as *const IMAGE_DOS_HEADER )};
[INFO] [stdout]    |                                                        ^^^^^^^^^^^^^^^^ not found in this scope
[INFO] [stdout] 
[INFO] [stdout] 
[INFO] [stdout] error[E0412]: cannot find type `IMAGE_NT_HEADERS64` in this scope
[INFO] [stdout]   --> src/main.rs:26:87
[INFO] [stdout]    |
[INFO] [stdout] 26 |     let orig_nt = unsafe { &*(orig.as_ptr().add(orig_dos.e_lfanew as usize) as *const IMAGE_NT_HEADERS64 )};
[INFO] [stdout]    |                                                                                       ^^^^^^^^^^^^^^^^^^ not found in this scope
[INFO] [stdout] 
[INFO] [stdout] 
[INFO] [stdout] error[E0412]: cannot find type `IMAGE_NT_HEADERS64` in this scope
[INFO] [stdout]   --> src/main.rs:27:98
[INFO] [stdout]    |
[INFO] [stdout] 27 |     let dumped_nt = unsafe { &mut *( dumped.as_mut_ptr().add(orig_dos.e_lfanew as usize) as *mut IMAGE_NT_HEADERS64 )};
[INFO] [stdout]    |                                                                                                  ^^^^^^^^^^^^^^^^^^ not found in this scope
[INFO] [stdout] 
[INFO] [stdout] 
[INFO] [stdout] error[E0412]: cannot find type `IMAGE_NT_HEADERS64` in this scope
[INFO] [stdout]   --> src/main.rs:81:41
[INFO] [stdout]    |
[INFO] [stdout] 81 |     println!("{:#018X}", mem::size_of::<IMAGE_NT_HEADERS64>());
[INFO] [stdout]    |                                         ^^^^^^^^^^^^^^^^^^ not found in this scope
[INFO] [stdout] 
[INFO] [stdout] 
[INFO] [stdout] error[E0412]: cannot find type `IMAGE_NT_HEADERS64` in this scope
[INFO] [stdout]   --> src/main.rs:82:70
[INFO] [stdout]    |
[INFO] [stdout] 82 |     println!("{:#018X}", orig_dos.e_lfanew as usize + mem::size_of::<IMAGE_NT_HEADERS64>());
[INFO] [stdout]    |                                                                      ^^^^^^^^^^^^^^^^^^ not found in this scope
[INFO] [stdout] 
[INFO] [stdout] 
[INFO] [stdout] error[E0412]: cannot find type `IMAGE_NT_HEADERS64` in this scope
[INFO] [stdout]   --> src/main.rs:83:113
[INFO] [stdout]    |
[INFO] [stdout] 83 | ...d(orig_dos.e_lfanew as usize + mem::size_of::<IMAGE_NT_HEADERS64>() ) as *const IMAGE_SECTION_HEADER, orig_file.NumberOfSections as us...
[INFO] [stdout]    |                                                  ^^^^^^^^^^^^^^^^^^ not found in this scope
[INFO] [stdout] 
[INFO] [stdout] 
[INFO] [stdout] error[E0412]: cannot find type `IMAGE_SECTION_HEADER` in this scope
[INFO] [stdout]   --> src/main.rs:83:147
[INFO] [stdout]    |
[INFO] [stdout] 83 | ...:size_of::<IMAGE_NT_HEADERS64>() ) as *const IMAGE_SECTION_HEADER, orig_file.NumberOfSections as usize)};
[INFO] [stdout]    |                                                 ^^^^^^^^^^^^^^^^^^^^ not found in this scope
[INFO] [stdout] 
[INFO] [stdout] 
[INFO] [stdout] error[E0412]: cannot find type `IMAGE_NT_HEADERS64` in this scope
[INFO] [stdout]   --> src/main.rs:84:125
[INFO] [stdout]    |
[INFO] [stdout] 84 | ...d(orig_dos.e_lfanew as usize + mem::size_of::<IMAGE_NT_HEADERS64>() ) as *mut IMAGE_SECTION_HEADER, orig_file.NumberOfSections as usiz...
[INFO] [stdout]    |                                                  ^^^^^^^^^^^^^^^^^^ not found in this scope
[INFO] [stdout] 
[INFO] [stdout] 
[INFO] [stdout] error[E0412]: cannot find type `IMAGE_SECTION_HEADER` in this scope
[INFO] [stdout]   --> src/main.rs:84:157
[INFO] [stdout]    |
[INFO] [stdout] 84 | ...m::size_of::<IMAGE_NT_HEADERS64>() ) as *mut IMAGE_SECTION_HEADER, orig_file.NumberOfSections as usize)};
[INFO] [stdout]    |                                                 ^^^^^^^^^^^^^^^^^^^^ not found in this scope
[INFO] [stdout] 
[INFO] [stdout] 
[INFO] [stdout] error[E0609]: no field `Name` on type `&mut _`
[INFO] [stdout]   --> src/main.rs:87:11
[INFO] [stdout]    |
[INFO] [stdout] 87 |         d.Name = o.Name;
[INFO] [stdout]    |           ^^^^
[INFO] [stdout] 
[INFO] [stdout] 
[INFO] [stdout] error[E0609]: no field `Name` on type `&_`
[INFO] [stdout]   --> src/main.rs:87:20
[INFO] [stdout]    |
[INFO] [stdout] 87 |         d.Name = o.Name;
[INFO] [stdout]    |                    ^^^^
[INFO] [stdout] 
[INFO] [stdout] 
[INFO] [stdout] error: aborting due to 12 previous errors
[INFO] [stdout] 
[INFO] [stdout] 
[INFO] [stdout] Some errors have detailed explanations: E0412, E0433, E0609.
[INFO] [stdout] 
[INFO] [stdout] For more information about an error, try `rustc --explain E0412`.
[INFO] [stdout] 
[INFO] [stderr] error: could not compile `unload_pe`
[INFO] [stderr] 
[INFO] [stderr] To learn more, run the command again with --verbose.
[INFO] running `Command { std: "docker" "inspect" "2e5f0ff88a5853035b9a9534b8efcf3717a38b7ecf80d8035f60e2e1114b3662", kill_on_drop: false }`
[INFO] running `Command { std: "docker" "rm" "-f" "2e5f0ff88a5853035b9a9534b8efcf3717a38b7ecf80d8035f60e2e1114b3662", kill_on_drop: false }`
[INFO] [stdout] 2e5f0ff88a5853035b9a9534b8efcf3717a38b7ecf80d8035f60e2e1114b3662
